digit of p(2)?
2
Let f = -21 + 41. Let a be (72/15)/(6/f). Suppose -c - c = -a. What is the units digit of c?
8
Suppose -296 = 9*t - 935. What is the units digit of t?
1
Suppose 0 = -a + 9 + 39. What is the units digit of a?
8
Suppose -8*o - 30 = -10*o. What is the units digit of o?
5
Suppose -2*m + 3*m = -3*g + 18, 0 = -3*m - 9. What is the units digit of g?
7
Let d(a) = -a. Let l(f) = f**2 + 13*f + 13. Let h(r) = -5*d(r) - l(r). Let w be h(-9). What is the units digit of -1 + -3*w/6?
0
Suppose 2*a + 4*j = 236, 5*a - 2*j + 6*j - 620 = 0. What is the tens digit of a?
2
Suppose -2*p + 45 = -3*y + 4*y, -220 = -4*y + 2*p. What is the tens digit of y?
5
Let g(v) = 2*v - 4. Let t = 10 - 7. Let d be g(t). Suppose d = f - 3. What is the units digit of f?
5
Let k(n) = n**2 + 3. Let s be k(3). Let w = s - 6. What is the units digit of w?
6
Let u(d) = d**3 - 4*d**2 + 7*d - 6. Let m be u(4). Suppose 3*i = v - 0*v + m, 0 = -2*v - 5*i. Let t = -6 - v. What is the units digit of t?
4
Suppose 0 = -2*r + 4*r - 2. Let f be r/2 - (-15)/6. Suppose 5*x - 10 = f*u, -3*u = -0*x + 2*x - 25. What is the units digit of x?
5
Suppose 3*x = b - 144, -b = 7*x - 2*x - 160. Suppose 4*r - 30 = b. Suppose 5*y - 15 = 3*t - r, -3*t + y = -18. What is the units digit of t?
5
Suppose 9*x - 5*x = 4. Let a be -1 + -2 + 3 + 2. Let v = a + x. What is the units digit of v?
3
Suppose c - 2*m - 1 = -2*c, -3*m = 15. Suppose 2*w - 3*w = 0. What is the units digit of c/3 - (w + -2)?
1
Suppose -117 = -f + n + 2*n, 0 = -3*f - 5*n + 281. What is the tens digit of f?
0
Let w(u) = -6*u - 3. Let y be w(-2). What is the units digit of y - (-3 - (-1 - 2))?
9
Suppose v + 0*u = -4*u + 45, -2*v - u + 76 = 0. What is the units digit of v?
7
Let j = 9 - 8. Let c = -1 + j. Suppose 3*r - 2*r - 14 = c. What is the units digit of r?
4
Let f(r) = r**3 + 5*r**2 - 4*r + 6. Let i = 9 + -15. Let w be f(i). What is the tens digit of ((-44)/(-3))/((-4)/w)?
2
Let o be 3*-2*6/(-9). Let d = 7 - o. What is the units digit of d?
3
Let k(g) = g + 4. Let u = 1 - -5. Let z(o) = o**2 - 5*o - 1. Let j be z(u). What is the units digit of k(j)?
9
Suppose -o = 4*i - 0*i - 6, -3*i = 3*o. Let l = i - 2. Suppose l = 3*u - 10 + 4. What is the units digit of u?
2
Suppose -5*f + 10*f = 440. What is the tens digit of f?
8
Suppose -3*q - 3 = -12. Suppose q = 2*n - 23. What is the units digit of n?
3
Suppose 15 = 3*f + 3*a - 6*a, 0 = 4*a + 4. Let j be (-112)/(-5) - f/10. Suppose 3*b - j = 20. What is the units digit of b?
4
Let b(u) = -u**2 - 7*u + 3. Let l be b(-7). Suppose -40 = -3*y - 2*y. Suppose -y = -l*h + 2*h. What is the units digit of h?
8
Let w be ((-2)/2 - -2)/1. Let k(n) = 4*n**2 + n - 1. What is the units digit of k(w)?
4
Let u = -56 - -109. What is the tens digit of u?
5
Let h(i) = i**2 - 8*i - 7. Let c be h(9). Suppose -4*t = w - 16, w + c*t + t - 14 = 0. What is the units digit of w?
8
Suppose -i + 77 = 2*g, 2*g + i + 169 = 6*g. What is the units digit of g?
1
Let u be (10/8)/(3/12). Suppose 29 = 5*x - 2*k + 1, u*x = 4*k + 36. What is the units digit of x?
4
Let t = 44 - -12. What is the tens digit of t?
5
Let n = -18 - -69. What is the tens digit of n?
5
Suppose -3*i + 0*n + 759 = -n, 759 = 3*i + 2*n. What is the units digit of i?
3
Let q(k) = -k**2 + k + 3. Let h be q(-3). Let t = -20 - h. Let j = t - -21. What is the units digit of j?
0
Let l(m) = 4*m**2 + m - 2. Let a be l(1). What is the units digit of (3 - 4)/((-1)/a)?
3
Suppose -16*j + 14*j + 100 = 0. What is the tens digit of j?
5
Let a(s) = s**2 + s - 6. What is the tens digit of a(4)?
1
Let y = 700 + -470. What is the hundreds digit of y?
2
Let h = -1 - -5. What is the units digit of (26/h)/((-2)/(-4))?
3
Let c(a) be the third derivative of 1/6*a**3 + 0 + 0*a + 0*a**4 - 2*a**2 + 1/60*a**5. What is the units digit of c(-2)?
5
Let n be (-348)/(-16) + 2/8. Suppose -5*m = -b - 88, 0*m - 2*m = 4*b - n. What is the tens digit of m?
1
Let m(k) = -k**3 + 5*k**2 + 8*k - 12. What is the tens digit of m(5)?
2
Let o be ((-10)/3)/(3/(-9)). Suppose -m = 2*m - 3, o = 3*r + 4*m. What is the units digit of r?
2
Let j(s) = -s**2 - 1. Let f be j(0). Let d = f + -2. What is the units digit of 1 - ((-9)/(-3))/d?
2
Suppose 4*o - 4*j - 16 = 0, 6*j = j + 15. Let a = o + -22. What is the units digit of (-18)/a*15/2?
9
Let j(a) = -a + 5. Let v be j(6). What is the tens digit of v + (-1 + 37 - 2)?
3
Let s(f) = -3*f - 2. Let g = -2 - -28. Suppose -5*l - g = -2*l + 4*h, h - 3 = 4*l. What is the units digit of s(l)?
4
Suppose -4*g = 3*d - 31, 0 = 4*g + d - 5 - 32. Suppose -g = -p + 11. What is the tens digit of p?
2
Suppose 0*r = -5*r. Suppose r*u - 16 = -4*u. What is the units digit of u?
4
What is the tens digit of (-1 + 3 - -2) + 43?
4
Suppose 4*w - 5*v - 19 = 0, w + 0*v - 7 = 2*v. Suppose -5*r = -w - 74. What is the tens digit of r?
1
Let w(g) = -5*g**3 - 5*g**2 - 2*g + 11. Let o(b) = -b**3 + b**2 - b + 1. Let c(k) = 4*o(k) - w(k). What is the tens digit of c(-9)?
1
Let r(m) = -2*m**3 - m**2 - m. What is the tens digit of r(-3)?
4
What is the tens digit of (1 + -449)*7/(-14)?
2
Let b = -10 - -15. Suppose -b*y + 40 = -3*y. What is the units digit of y?
0
Suppose 0 = -a - 4 - 5. Let j = -3 - a. Suppose 2*b = -j, 0 = 2*w - w - b - 12. What is the units digit of w?
9
Suppose -w - 3*w = -20. Let m(d) = d**3 - 2*d**2 - 1. Let u be m(2). Let o = w + u. What is the units digit of o?
4
What is the units digit of (-6)/(-8) - (-783)/12?
6
Suppose -3*f - z = -f - 10, z = f - 8. Suppose 0 = u + d + f - 48, 3*u - 126 = d. Let k = u - 27. What is the units digit of k?
5
Let b(t) = 4*t + 7. Let x(o) = 4*o + 7. Let c(l) = -4*b(l) + 3*x(l). What is the tens digit of c(-7)?
2
Let k = 5 - -67. What is the tens digit of k?
7
Let r(a) = 4*a + 2. What is the units digit of r(8)?
4
Let n(p) = -3*p + 6. Let j be n(4). What is the units digit of (-48)/(-9)*j/(-4)?
8
Suppose 2*f = 4*l - 8*l + 238, 0 = 2*f + 2*l - 236. What is the units digit of f?
7
Let s = 3 + -1. Suppose -1 = -n + x + 4, 5*n = s*x + 10. Suppose n = -j + 2 + 4. What is the units digit of j?
6
Let b(u) = -12*u - 12. What is the units digit of b(-3)?
4
Let d(z) = 4*z**2 + 3*z - 6 + 4*z**2 - 5*z**2 - 2*z**2. Suppose -4*b + 2*b = 12. What is the units digit of d(b)?
2
Let r = 91 + -55. Suppose -2*t + 2*m + r = 0, -t + 3*m + 80 = 4*t. What is the tens digit of t?
1
Let f be 4/3 - (-4)/6. Suppose 5*n = b - f, 5*b + 5*n = 69 + 1. What is the tens digit of b?
1
Let p(x) = -x + 7. Let u be p(0). Suppose 0 = 2*m - m - u. Suppose -2*l = -l - m. What is the units digit of l?
7
Suppose 25 = 5*t, -2*y + 0*y + t = -7. Suppose 4*d = 22 + y. What is the units digit of d?
7
Let i = -11 - -21. Suppose w = 3*w - i. Suppose 4 = 3*z + c - 3, 2*z - w*c = -1. What is the units digit of z?
2
Let l(y) = 2*y**2 - 5*y + 3. Let a = 0 - 2. Let b = 6 + a. What is the units digit of l(b)?
5
Let r(a) = 3*a**2 + a + 3. Let q(i) = -7*i**2 - 3*i - 7. Let l(h) = 2*q(h) + 5*r(h). What is the units digit of l(2)?
3
Let m(g) = -g**2 - 6*g + 7. What is the units digit of m(-5)?
2
Let i be (-6)/(-27) + 43/9. Suppose -l = i*m + 19, -45 = 5*l + 4*m + 50. Let x = -13 - l. What is the units digit of x?
6
Suppose -4*d + 52 = -4*l, -2*d + 2*l = -2*l - 22. What is the tens digit of d?
1
Suppose -3*y - 37 = -5*c, -1 + 2 = -4*y - 3*c. Let m be 6/y - (-27)/2. Suppose 4*n - m = 16. What is the units digit of n?
7
Let z be 14/(-4)*(-88)/14. Let v = z - -9. What is the tens digit of v?
3
Let w(q) = -q**3 - 2*q**2 - 3*q + 3. Let r be w(-3). What is the units digit of (-3)/(-4) - r/(-4)?
6
Let z = -16 - -18. Suppose -25 - 51 = -z*p. What is the tens digit of p?
3
Let u be (-3)/((-21)/(-6) + -2). What is the units digit of (4/u)/(2/(-5))?
5
Let y be (-2)/8 + (-34)/(-8). What is the units digit of 1 + 4/(-2 + y)?
3
Suppose -x = 3*x - 424. Suppose 0 = 2*y - 0 - x. What is the tens digit of y?
5
Suppose -2*x = -x - 28. What is the tens digit of x?
2
Let u = 24 + -10. What is the units digit of u?
4
Let d = 13 + -27. Let o be 0 + 1 + -1 - d. Suppose 4*c = 4, 0 = -3*n - c - c + o. What is the units digit of n?
4
Let r be (-2)/(-2)*(-2)/(-2). Let s = 1 + r. Suppose -2*i = s - 16. What is the units digit of i?
7
Let t(n) = n**3 - 14*n**2 + 6*n - 15. What is the tens digit of t(14)?
6
Let b = 176 - 126.